2, 108337109
List the prime factors of 659837788.
2, 1447, 114001
What are the prime factors of 5480922?
2, 3, 913487
List the prime factors of 2108215702.
2, 67, 3583, 4391
List the prime factors of 5108116610.
2, 5, 41, 12458821
List the prime factors of 194992110.
2, 3, 5, 67, 3593
List the prime factors of 1330313265.
3, 5, 41, 721037
What are the prime factors of 620099718?
2, 3, 7, 17, 868487
What are the prime factors of 529631816?
2, 7, 167, 56633
What are the prime factors of 475069147?
7, 3631, 18691
List the prime factors of 104048007.
3, 7, 17, 379, 769
List the prime factors of 1610080665.
3, 5, 61, 1759651
What are the prime factors of 19698879?
3, 23, 71, 4021
What are the prime factors of 9340277?
23, 73, 5563
List the prime factors of 1348857153.
3, 7, 43, 83, 857
What are the prime factors of 260136275?
5, 7, 1486493
What are the prime factors of 372711216?
2, 3, 337, 23041
List the prime factors of 326458595.
5, 4451, 14669
List the prime factors of 1260234993.
3, 420078331
List the prime factors of 2028161687.
2028161687
List the prime factors of 38642655.
3, 5, 719, 3583
List the prime factors of 2414870616.
2, 3, 100619609
List the prime factors of 1162821803.
11, 13, 8131621
What are the prime factors of 27537682?
2, 13768841
What are the prime factors of 5903676942?
2, 3, 331, 1423, 2089
What are the prime factors of 945177203?
17, 23, 397, 6089
List the prime factors of 457992291.
3, 17, 73, 123017
What are the prime factors of 773250?
2, 3, 5, 1031
List the prime factors of 101252632.
2, 13, 74891
List the prime factors of 299527214.
2, 7, 127, 168463
What are the prime factors of 33218295?
3, 5, 11, 109, 1847
What are the prime factors of 211592137?
6247, 33871
What are the prime factors of 3501099682?
2, 16453, 106397
What are the prime factors of 145225105?
5, 23, 73, 17299
List the prime factors of 2951731583.
2951731583
What are the prime factors of 398393274?
2, 3, 2971, 22349
List the prime factors of 66749085.
3, 5, 13, 67, 131
What are the prime factors of 427858676?
2, 7, 37, 167, 2473
What are the prime factors of 7195238567?
11, 109, 6001033
List the prime factors of 516661867.
97, 5326411
List the prime factors of 59602247.
1861, 32027
List the prime factors of 44968063.
7, 71, 173, 523
List the prime factors of 12618472.
2, 1577309
List the prime factors of 777078878.
2, 61, 6369499
What are the prime factors of 536195918?
2, 23, 167, 223, 313
List the prime factors of 3356346376.
2, 491, 854467
List the prime factors of 433261267.
97, 137, 32603
List the prime factors of 274979793.
3, 11, 1951, 4271
List the prime factors of 169842688.
2, 127, 653
List the prime factors of 78492038.
2, 29, 1353311
List the prime factors of 50298865.
5, 97, 137, 757
What are the prime factors of 42463752?
2, 3, 1769323
What are the prime factors of 94686155?
5, 18937231
List the prime factors of 88866142.
2, 61, 359, 2029
What are the prime factors of 97985440?
2, 5, 7, 89, 983
List the prime factors of 309319246.
2, 154659623
What are the prime factors of 4526057127?
3, 19, 79404511
What are the prime factors of 2089870?
2, 5, 103, 2029
What are the prime factors of 51726745?
5, 7, 1477907
List the prime factors of 293648382.
2, 3, 19, 503, 569
List the prime factors of 1278642327.
3, 426214109
What are the prime factors of 116877755?
5, 331, 70621
What are the prime factors of 18809747?
11, 1051, 1627
What are the prime factors of 82441679?
31, 89, 29881
List the prime factors of 1550202416.
2, 7, 599, 3301
List the prime factors of 24778903.
79, 83, 3779
List the prime factors of 4988850.
2, 3, 5, 79, 421
List the prime factors of 657965385.
3, 5, 7, 11, 27127
What are the prime factors of 134473941?
3, 7, 2134507
List the prime factors of 480527935.
5, 96105587
List the prime factors of 569382268.
2, 7, 13, 1564237
What are the prime factors of 2873468641?
41, 277, 253013
What are the prime factors of 479282421?
3, 83, 1924829
List the prime factors of 226352959.
7, 23, 1405919
What are the prime factors of 1867495225?
5, 149, 501341
List the prime factors of 59366701.
7687, 7723
What are the prime factors of 55974138?
2, 3, 11, 821, 1033
What are the prime factors of 5747611?
5747611
What are the prime factors of 424389444?
2, 3, 53, 61, 10939
List the prime factors of 474027546.
2, 3, 67, 1179173
What are the prime factors of 1993510800?
2, 3, 5, 31, 17863
List the prime factors of 149550876.
2, 3, 23, 180617
List the prime factors of 1133273952.
2, 3, 3934979
What are the prime factors of 42554951?
997, 42683
What are the prime factors of 137490717?
3, 7, 13, 71947
What are the prime factors of 976449519?
3, 17, 2127341
List the prime factors of 220864731.
3, 17, 853, 5077
What are the prime factors of 366110421?
3, 122036807
What are the prime factors of 7659878?
2, 53, 127, 569
What are the prime factors of 1228475670?
2, 3, 5, 29, 1412041
List the prime factors of 246807167.
41, 53, 2143
What are the prime factors of 21004121?
2731, 7691
List the prime factors of 2601241766.
2, 167, 7788149
What are the prime factors of 17862735?
3, 5, 11, 73, 1483
List the prime factors of 2996339943.
3, 29, 34440689
What are the prime factors of 1788837879?
3, 18427, 32359
What are the prime factors of 2255011439?
41, 499, 110221
What are the prime factors of 309391799?
2113, 146423
What are the prime factors of 173505398?
2, 11, 71, 113, 983
What are the prime factors of 238082567?
5417, 43951
List the prime factors of 1088628512.
2, 34019641
List the prime factors of 346978024.
2, 17, 150077
What are the prime factors of 1556302593?
3, 518767531
What are the prime factors of 149507456?
2, 7, 166861
What are the prime factors of 1153667165?
5, 7, 53, 621923
List the prime factors of 711878738.
2, 19, 173, 108287
List the prime factors of 294233480.
2, 5, 23, 319819
List the prime factors of 734997906.
2, 3, 61, 67, 97, 103
What are the prime factors of 4845527335?
5, 11, 151, 583447
List the prime factors of 2341742024.
2, 292717753
List the prime factors of 202238243.
541, 373823
What are the prime factors of 13463558?
2, 17, 43, 9209
What are the prime factors of 44861657?
17, 61, 43261
What are the prime factors of 683653464?
2, 3, 13, 730399
List the prime factors of 2984989933.
23, 271, 478901
What are the prime factors of 200567849?
200567849
What are the prime factors of 409723111?
7, 47, 26497
What are the prime factors of 206155451?
206155451
What are the prime factors of 88982431?
31, 2870401
List the prime factors of 63520436.
2, 7, 2268587
What are the prime factors of 724819983?
3, 1439, 167899
What are the prime factors of 322889543?
317, 971, 1049
What are the prime factors of 47492308?
2, 11873077
What are the prime factors of 997121190?
2, 3, 5, 13, 1279, 1999
What are the prime factors of 319084058?
2, 41, 107, 887
What are the prime factors of 59451316?
2, 163, 91183
List the prime factors of 632110149.
3, 11, 397, 1787
What are the prime factors of 246543098?
2, 71, 1736219
List the prime factors of 24870319.
24870319
What are the prime factors of 2527452174?
2, 3, 13, 3931, 8243
List the prime factors of 8152512.
2, 3, 42461
List the prime factors of 6232487697.
3, 661, 1047653
What are the prime factors of 70030549?
2657, 26357
What are the prime factors of 219834275?
5, 19, 43, 47, 229
What are the prime factors of 72933158?
2, 383, 95213
List the prime factors of 514777394.
2, 181, 523, 2719
List the prime factors of 191202814.
2, 11, 19, 103, 4441
What are the prime factors of 4040583898?
2, 13, 347, 447859
What are the prime factors of 4847691684?
2, 3, 11, 197, 277, 673
What are the prime factors of 1412384199?
3, 79, 5959427
What are the prime factors of 1309877066?
2, 654938533
What are the prime factors of 162955664?
2, 163, 62483
List the prime factors of 684066637.
101, 6772937
List the prime factors of 4350487927.
23, 97, 1950017
What are the prime factors of 4257985965?
3, 5, 3359, 84509
List the prime factors of 231322719.
3, 137, 197, 2857
List the prime factors of 465417126.
2, 3, 17, 1520971
List the prime factors of 2255093518.
2, 167, 1181, 5717
List the prime factors of 5084444.
2, 1271111
What are the prime factors of 73291585?
5, 14658317
List the prime factors of 3054431.
223,